{"id":38,"date":"2024-12-10T14:15:43","date_gmt":"2024-12-10T13:15:43","guid":{"rendered":"https:\/\/yellow-monkeys.fr\/?page_id=38"},"modified":"2025-12-15T16:00:27","modified_gmt":"2025-12-15T15:00:27","slug":"portfolio","status":"publish","type":"page","link":"https:\/\/yellow-monkeys.fr\/index.php\/portfolio\/","title":{"rendered":"PORTFOLIO"},"content":{"rendered":"\n[et_pb_section fb_built=&#8221;1&#8243; admin_label=&#8221;Header&#8221; _builder_version=&#8221;4.27.4&#8243; _module_preset=&#8221;default&#8221; background_color=&#8221;gcid-3d77f18a-71d5-4051-b3de-cc8639fa0c6d&#8221; background_enable_image=&#8221;off&#8221; custom_padding=&#8221;0px||2px|||&#8221; locked=&#8221;off&#8221; collapsed=&#8221;on&#8221; global_colors_info=&#8221;{%22gcid-3d77f18a-71d5-4051-b3de-cc8639fa0c6d%22:%91%22background_color%22%93}&#8221;][et_pb_row _builder_version=&#8221;4.23.1&#8243; _module_preset=&#8221;default&#8221; max_width=&#8221;none&#8221; min_height=&#8221;253.8px&#8221; custom_padding=&#8221;||39px|||&#8221; locked=&#8221;off&#8221; global_colors_info=&#8221;{}&#8221;][et_pb_column type=&#8221;4_4&#8243; _builder_version=&#8221;4.23.1&#8243; _module_preset=&#8221;default&#8221; global_colors_info=&#8221;{}&#8221;][et_pb_text _builder_version=&#8221;4.27.4&#8243; _module_preset=&#8221;c68b4b0c-c151-4d3f-a93c-f1822a588fdb&#8221; text_font=&#8221;Bebas Neue||||||||&#8221; text_font_size=&#8221;12px&#8221; text_letter_spacing=&#8221;8px&#8221; text_line_height=&#8221;1.8em&#8221; header_font=&#8221;Lexend Deca||||||||&#8221; header_text_color=&#8221;#FFFFFF&#8221; header_font_size=&#8221;8vw&#8221; text_orientation=&#8221;center&#8221; custom_margin=&#8221;||10px||false|false&#8221; header_font_size_tablet=&#8221;5vw&#8221; header_font_size_phone=&#8221;5vw&#8221; header_font_size_last_edited=&#8221;off|phone&#8221; inline_fonts=&#8221;Bebas Neue&#8221; global_colors_info=&#8221;{}&#8221;]<h1><span style=\"color: #000000; font-family: 'Bebas Neue';\">portfolio<\/span><\/h1>[\/et_pb_text][et_pb_text _builder_version=&#8221;4.27.4&#8243; _module_preset=&#8221;b8c69a1d-4a42-409c-96d0-e8bcf32a4af0&#8243; text_text_color=&#8221;rgba(255,255,255,0.7)&#8221; text_orientation=&#8221;center&#8221; max_width=&#8221;1039px&#8221; module_alignment=&#8221;center&#8221; global_colors_info=&#8221;{}&#8221;]<p style=\"text-align: center;\"><span style=\"color: rgba(0, 0, 0, 0.7);\">Notre portfolio regroupe des \u00e9v\u00e9nements marquants, des collaborations strat\u00e9giques et des projets innovants. <br\/>Une signature visuelle et immersive au service de chaque marque !<\/span><\/p>[\/et_pb_text][\/et_pb_column][\/et_pb_row][\/et_pb_section][et_pb_section fb_built=&#8221;1&#8243; admin_label=&#8221;Gallery&#8221; _builder_version=&#8221;4.16&#8243; global_colors_info=&#8221;{}&#8221;][et_pb_row column_structure=&#8221;1_3,1_3,1_3&#8243; make_equal=&#8221;on&#8221; _builder_version=&#8221;4.16&#8243; locked=&#8221;off&#8221; global_colors_info=&#8221;{}&#8221;][et_pb_column type=&#8221;1_3&#8243; _builder_version=&#8221;4.16&#8243; global_colors_info=&#8221;{}&#8221;][et_pb_blurb title=&#8221;MAISON LEYDIER&#8221; url=&#8221;https:\/\/www.instagram.com\/maisonleydier\/&#8221; url_new_window=&#8221;on&#8221; image=&#8221;http:\/\/yellow-monkeys.fr\/wp-content\/uploads\/2025\/02\/MAISON-LEYDIER.jpg&#8221; content_max_width=&#8221;100%&#8221; _builder_version=&#8221;4.27.4&#8243; header_font=&#8221;Kanit|600|||||||&#8221; header_font_size=&#8221;20px&#8221; header_line_height=&#8221;1.3em&#8221; body_line_height=&#8221;1.8em&#8221; background_enable_image=&#8221;off&#8221; background_size=&#8221;initial&#8221; background_position=&#8221;top_left&#8221; text_orientation=&#8221;center&#8221; filter_saturate=&#8221;0%&#8221; animation=&#8221;off&#8221; link_option_url=&#8221;https:\/\/www.instagram.com\/maisonleydier\/&#8221; header_font_size_tablet=&#8221;18px&#8221; header_font_size_phone=&#8221;16px&#8221; header_font_size_last_edited=&#8221;on|phone&#8221; locked=&#8221;off&#8221; global_colors_info=&#8221;{}&#8221; filter_brightness__hover_enabled=&#8221;on|desktop&#8221; filter_saturate__hover_enabled=&#8221;on|hover&#8221; filter_saturate__hover=&#8221;100%&#8221;][\/et_pb_blurb][\/et_pb_column][et_pb_column type=&#8221;1_3&#8243; _builder_version=&#8221;4.16&#8243; global_colors_info=&#8221;{}&#8221;][et_pb_blurb title=&#8221;B22&#8243; url=&#8221;https:\/\/www.instagram.com\/bar_b22_salon\/&#8221; url_new_window=&#8221;on&#8221; image=&#8221;http:\/\/yellow-monkeys.fr\/wp-content\/uploads\/2025\/02\/B22-2.jpg&#8221; content_max_width=&#8221;100%&#8221; _builder_version=&#8221;4.27.4&#8243; header_font=&#8221;Kanit|600|||||||&#8221; header_font_size=&#8221;20px&#8221; header_line_height=&#8221;1.3em&#8221; body_line_height=&#8221;1.8em&#8221; background_enable_image=&#8221;off&#8221; background_size=&#8221;initial&#8221; background_position=&#8221;top_left&#8221; text_orientation=&#8221;center&#8221; filter_saturate=&#8221;0%&#8221; animation=&#8221;off&#8221; link_option_url=&#8221;https:\/\/www.instagram.com\/bar_b22_salon\/&#8221; header_font_size_tablet=&#8221;18px&#8221; header_font_size_phone=&#8221;16px&#8221; header_font_size_last_edited=&#8221;on|phone&#8221; locked=&#8221;off&#8221; global_colors_info=&#8221;{}&#8221; filter_saturate__hover=&#8221;100%&#8221; filter_saturate__hover_enabled=&#8221;on|hover&#8221; filter_brightness__hover_enabled=&#8221;on|desktop&#8221;][\/et_pb_blurb][\/et_pb_column][et_pb_column type=&#8221;1_3&#8243; _builder_version=&#8221;4.16&#8243; global_colors_info=&#8221;{}&#8221;][et_pb_blurb title=&#8221;PEL IMMO&#8221; url=&#8221;https:\/\/www.instagram.com\/pelimmo_officiel\/&#8221; url_new_window=&#8221;on&#8221; image=&#8221;http:\/\/yellow-monkeys.fr\/wp-content\/uploads\/2025\/02\/PEL-IMMO-2.jpg&#8221; content_max_width=&#8221;100%&#8221; _builder_version=&#8221;4.27.4&#8243; header_font=&#8221;Kanit|600|||||||&#8221; header_font_size=&#8221;20px&#8221; header_line_height=&#8221;1.3em&#8221; body_line_height=&#8221;1.8em&#8221; background_enable_image=&#8221;off&#8221; background_size=&#8221;initial&#8221; background_position=&#8221;top_left&#8221; text_orientation=&#8221;center&#8221; filter_saturate=&#8221;0%&#8221; animation=&#8221;off&#8221; link_option_url=&#8221;https:\/\/www.instagram.com\/pelimmo_officiel\/&#8221; header_font_size_tablet=&#8221;18px&#8221; header_font_size_phone=&#8221;16px&#8221; header_font_size_last_edited=&#8221;on|phone&#8221; locked=&#8221;off&#8221; global_colors_info=&#8221;{}&#8221; filter_saturate__hover=&#8221;100%&#8221; filter_saturate__hover_enabled=&#8221;on|hover&#8221; filter_brightness__hover_enabled=&#8221;on|desktop&#8221;][\/et_pb_blurb][\/et_pb_column][\/et_pb_row][et_pb_row column_structure=&#8221;1_3,1_3,1_3&#8243; make_equal=&#8221;on&#8221; _builder_version=&#8221;4.16&#8243; locked=&#8221;off&#8221; global_colors_info=&#8221;{}&#8221;][et_pb_column type=&#8221;1_3&#8243; _builder_version=&#8221;4.16&#8243; global_colors_info=&#8221;{}&#8221;][et_pb_blurb title=&#8221;MARATHON DE SALON&#8221; url=&#8221;https:\/\/www.instagram.com\/marathon_salon\/&#8221; url_new_window=&#8221;on&#8221; image=&#8221;http:\/\/yellow-monkeys.fr\/wp-content\/uploads\/2025\/02\/PAF.jpg&#8221; content_max_width=&#8221;100%&#8221; _builder_version=&#8221;4.27.4&#8243; header_font=&#8221;Kanit|600|||||||&#8221; header_font_size=&#8221;20px&#8221; header_line_height=&#8221;1.3em&#8221; body_line_height=&#8221;1.8em&#8221; background_enable_image=&#8221;off&#8221; background_size=&#8221;initial&#8221; background_position=&#8221;top_left&#8221; text_orientation=&#8221;center&#8221; filter_saturate=&#8221;0%&#8221; animation=&#8221;off&#8221; link_option_url=&#8221;https:\/\/www.instagram.com\/marathon_salon\/&#8221; header_font_size_tablet=&#8221;18px&#8221; header_font_size_phone=&#8221;16px&#8221; header_font_size_last_edited=&#8221;on|phone&#8221; locked=&#8221;off&#8221; global_colors_info=&#8221;{}&#8221; filter_saturate__hover=&#8221;100%&#8221; filter_saturate__hover_enabled=&#8221;on|hover&#8221; filter_brightness__hover_enabled=&#8221;on|desktop&#8221;][\/et_pb_blurb][\/et_pb_column][et_pb_column type=&#8221;1_3&#8243; _builder_version=&#8221;4.16&#8243; global_colors_info=&#8221;{}&#8221;][et_pb_blurb title=&#8221;ZETTE &#038; MARQUIS&#8221; url=&#8221;https:\/\/www.instagram.com\/zette_et_marquis\/&#8221; url_new_window=&#8221;on&#8221; image=&#8221;http:\/\/yellow-monkeys.fr\/wp-content\/uploads\/2025\/02\/ZETTE-MARQUIS.jpg&#8221; content_max_width=&#8221;100%&#8221; _builder_version=&#8221;4.27.4&#8243; header_font=&#8221;Kanit|600|||||||&#8221; header_font_size=&#8221;20px&#8221; header_line_height=&#8221;1.3em&#8221; body_line_height=&#8221;1.8em&#8221; background_enable_image=&#8221;off&#8221; background_size=&#8221;initial&#8221; background_position=&#8221;top_left&#8221; text_orientation=&#8221;center&#8221; filter_saturate=&#8221;0%&#8221; animation=&#8221;off&#8221; link_option_url=&#8221;https:\/\/www.instagram.com\/zette_et_marquis\/&#8221; header_font_size_tablet=&#8221;18px&#8221; header_font_size_phone=&#8221;16px&#8221; header_font_size_last_edited=&#8221;on|phone&#8221; locked=&#8221;off&#8221; global_colors_info=&#8221;{}&#8221; filter_saturate__hover=&#8221;100%&#8221; filter_saturate__hover_enabled=&#8221;on|hover&#8221; filter_brightness__hover_enabled=&#8221;on|desktop&#8221;][\/et_pb_blurb][\/et_pb_column][et_pb_column type=&#8221;1_3&#8243; _builder_version=&#8221;4.16&#8243; global_colors_info=&#8221;{}&#8221;][et_pb_blurb title=&#8221;KAIJU&#8221; url=&#8221;https:\/\/www.instagram.com\/kaiju.restaurant\/&#8221; url_new_window=&#8221;on&#8221; image=&#8221;http:\/\/yellow-monkeys.fr\/wp-content\/uploads\/2025\/02\/KAIJU.jpg&#8221; content_max_width=&#8221;100%&#8221; _builder_version=&#8221;4.27.4&#8243; header_font=&#8221;Kanit|600|||||||&#8221; header_font_size=&#8221;20px&#8221; header_line_height=&#8221;1.3em&#8221; body_line_height=&#8221;1.8em&#8221; background_enable_image=&#8221;off&#8221; background_size=&#8221;initial&#8221; background_position=&#8221;top_left&#8221; text_orientation=&#8221;center&#8221; filter_saturate=&#8221;0%&#8221; animation=&#8221;off&#8221; link_option_url=&#8221;https:\/\/www.instagram.com\/kaiju.restaurant\/&#8221; header_font_size_tablet=&#8221;18px&#8221; header_font_size_phone=&#8221;16px&#8221; header_font_size_last_edited=&#8221;on|phone&#8221; locked=&#8221;off&#8221; global_colors_info=&#8221;{}&#8221; filter_saturate__hover=&#8221;100%&#8221; filter_saturate__hover_enabled=&#8221;on|hover&#8221; filter_brightness__hover_enabled=&#8221;on|desktop&#8221;][\/et_pb_blurb][\/et_pb_column][\/et_pb_row][\/et_pb_section][et_pb_section fb_built=&#8221;1&#8243; admin_label=&#8221;Feature&#8221; _builder_version=&#8221;4.16&#8243; overflow-x=&#8221;hidden&#8221; overflow-y=&#8221;hidden&#8221; custom_padding=&#8221;0px|||||&#8221; top_divider_style=&#8221;slant&#8221; top_divider_color=&#8221;#ffffff&#8221; top_divider_height=&#8221;10vw&#8221; top_divider_flip=&#8221;horizontal&#8221; top_divider_arrangement=&#8221;above_content&#8221; locked=&#8221;off&#8221; global_colors_info=&#8221;{}&#8221;][et_pb_row column_structure=&#8221;2_3,1_3&#8243; custom_padding_last_edited=&#8221;on|tablet&#8221; _builder_version=&#8221;4.16&#8243; custom_padding_tablet=&#8221;0px|0vw|0px||false|false&#8221; custom_padding_phone=&#8221;&#8221; global_colors_info=&#8221;{}&#8221;][et_pb_column type=&#8221;2_3&#8243; _builder_version=&#8221;4.16&#8243; global_colors_info=&#8221;{}&#8221;][et_pb_image src=&#8221;http:\/\/yellow-monkeys.fr\/wp-content\/uploads\/2024\/12\/Logo-YELLOW-MONKEYS-FOND-BLANC2.png&#8221; title_text=&#8221;Logo YELLOW MONKEYS (FOND BLANC)2&#8243; url=&#8221;https:\/\/yellow-monkeys.fr\/&#8221; show_bottom_space=&#8221;off&#8221; admin_label=&#8221;Image&#8221; _builder_version=&#8221;4.27.4&#8243; custom_margin=&#8221;||0px|-20vw|false|false&#8221; hover_enabled=&#8221;0&#8243; global_colors_info=&#8221;{}&#8221; sticky_enabled=&#8221;0&#8243;][\/et_pb_image][et_pb_image src=&#8221;http:\/\/yellow-monkeys.fr\/wp-content\/uploads\/2025\/02\/renovation-19.png&#8221; title_text=&#8221;renovation-19&#8243; admin_label=&#8221;Image&#8221; _builder_version=&#8221;4.16&#8243; positioning=&#8221;absolute&#8221; position_origin_a=&#8221;bottom_right&#8221; vertical_offset=&#8221;-40px&#8221; horizontal_offset=&#8221;-40px&#8221; custom_margin=&#8221;||0px||false|false&#8221; scroll_rotating_enable=&#8221;on&#8221; scroll_rotating=&#8221;0|50|50|100|45\u00b0|0|-45\u00b0&#8221; locked=&#8221;off&#8221; global_colors_info=&#8221;{}&#8221;][\/et_pb_image][et_pb_image title_text=&#8221;renovation-14&#8243; _builder_version=&#8221;4.27.4&#8243; positioning=&#8221;absolute&#8221; position_origin_a=&#8221;bottom_right&#8221; custom_margin=&#8221;||0px|-20vw|false|false&#8221; scroll_horizontal_motion_enable=&#8221;on&#8221; scroll_horizontal_motion=&#8221;0|0|0|100|0|0|-2&#8243; global_colors_info=&#8221;{}&#8221;][\/et_pb_image][\/et_pb_column][et_pb_column type=&#8221;1_3&#8243; _builder_version=&#8221;4.16&#8243; custom_padding=&#8221;16%||||false|false&#8221; custom_padding_tablet=&#8221;0%||||false|false&#8221; custom_padding_phone=&#8221;&#8221; custom_padding_last_edited=&#8221;on|phone&#8221; global_colors_info=&#8221;{}&#8221;][\/et_pb_column][\/et_pb_row][\/et_pb_section]\n","protected":false},"excerpt":{"rendered":"<p>portfolioNotre portfolio regroupe des \u00e9v\u00e9nements marquants, des collaborations strat\u00e9giques et des projets innovants. Une signature visuelle et immersive au service de chaque marque !<\/p>\n","protected":false},"author":1,"featured_media":0,"parent":0,"menu_order":0,"comment_status":"closed","ping_status":"closed","template":"","meta":{"_et_pb_use_builder":"on","_et_pb_old_content":"","_et_gb_content_width":"","footnotes":""},"class_list":["post-38","page","type-page","status-publish","hentry"],"yoast_head":"<!-- This site is optimized with the Yoast SEO plugin v25.5 - https:\/\/yoast.com\/wordpress\/plugins\/seo\/ -->\n<title>Yellow Monkeys - Portfolio<\/title>\n<meta name=\"description\" content=\"D\u00e9couvrez nos r\u00e9alisations en communication digitale. Inspirez-vous de projets concrets qui ont fait la diff\u00e9rence pour nos clients.\" \/>\n<meta name=\"robots\" content=\"index, follow, max-snippet:-1, max-image-preview:large, max-video-preview:-1\" \/>\n<link rel=\"canonical\" href=\"https:\/\/yellow-monkeys.fr\/index.php\/portfolio\/\" \/>\n<meta property=\"og:locale\" content=\"en_US\" \/>\n<meta property=\"og:type\" content=\"article\" \/>\n<meta property=\"og:title\" content=\"Yellow Monkeys - Portfolio\" \/>\n<meta property=\"og:description\" content=\"D\u00e9couvrez nos r\u00e9alisations en communication digitale. Inspirez-vous de projets concrets qui ont fait la diff\u00e9rence pour nos clients.\" \/>\n<meta property=\"og:url\" content=\"https:\/\/yellow-monkeys.fr\/index.php\/portfolio\/\" \/>\n<meta property=\"og:site_name\" content=\"Yellow Monkeys\" \/>\n<meta property=\"article:modified_time\" content=\"2025-12-15T15:00:27+00:00\" \/>\n<meta name=\"twitter:card\" content=\"summary_large_image\" \/>\n<meta name=\"twitter:label1\" content=\"Est. reading time\" \/>\n\t<meta name=\"twitter:data1\" content=\"2 minutes\" \/>\n<script type=\"application\/ld+json\" class=\"yoast-schema-graph\">{\"@context\":\"https:\/\/schema.org\",\"@graph\":[{\"@type\":\"WebPage\",\"@id\":\"https:\/\/yellow-monkeys.fr\/index.php\/portfolio\/\",\"url\":\"https:\/\/yellow-monkeys.fr\/index.php\/portfolio\/\",\"name\":\"Yellow Monkeys - Portfolio\",\"isPartOf\":{\"@id\":\"https:\/\/yellow-monkeys.fr\/#website\"},\"datePublished\":\"2024-12-10T13:15:43+00:00\",\"dateModified\":\"2025-12-15T15:00:27+00:00\",\"description\":\"D\u00e9couvrez nos r\u00e9alisations en communication digitale. Inspirez-vous de projets concrets qui ont fait la diff\u00e9rence pour nos clients.\",\"breadcrumb\":{\"@id\":\"https:\/\/yellow-monkeys.fr\/index.php\/portfolio\/#breadcrumb\"},\"inLanguage\":\"en-US\",\"potentialAction\":[{\"@type\":\"ReadAction\",\"target\":[\"https:\/\/yellow-monkeys.fr\/index.php\/portfolio\/\"]}]},{\"@type\":\"BreadcrumbList\",\"@id\":\"https:\/\/yellow-monkeys.fr\/index.php\/portfolio\/#breadcrumb\",\"itemListElement\":[{\"@type\":\"ListItem\",\"position\":1,\"name\":\"Accueil\",\"item\":\"https:\/\/yellow-monkeys.fr\/\"},{\"@type\":\"ListItem\",\"position\":2,\"name\":\"PORTFOLIO\"}]},{\"@type\":\"WebSite\",\"@id\":\"https:\/\/yellow-monkeys.fr\/#website\",\"url\":\"https:\/\/yellow-monkeys.fr\/\",\"name\":\"Yellow Monkeys\",\"description\":\"\",\"potentialAction\":[{\"@type\":\"SearchAction\",\"target\":{\"@type\":\"EntryPoint\",\"urlTemplate\":\"https:\/\/yellow-monkeys.fr\/?s={search_term_string}\"},\"query-input\":{\"@type\":\"PropertyValueSpecification\",\"valueRequired\":true,\"valueName\":\"search_term_string\"}}],\"inLanguage\":\"en-US\"}]}<\/script>\n<!-- \/ Yoast SEO plugin. -->","yoast_head_json":{"title":"Yellow Monkeys - Portfolio","description":"D\u00e9couvrez nos r\u00e9alisations en communication digitale. Inspirez-vous de projets concrets qui ont fait la diff\u00e9rence pour nos clients.","robots":{"index":"index","follow":"follow","max-snippet":"max-snippet:-1","max-image-preview":"max-image-preview:large","max-video-preview":"max-video-preview:-1"},"canonical":"https:\/\/yellow-monkeys.fr\/index.php\/portfolio\/","og_locale":"en_US","og_type":"article","og_title":"Yellow Monkeys - Portfolio","og_description":"D\u00e9couvrez nos r\u00e9alisations en communication digitale. Inspirez-vous de projets concrets qui ont fait la diff\u00e9rence pour nos clients.","og_url":"https:\/\/yellow-monkeys.fr\/index.php\/portfolio\/","og_site_name":"Yellow Monkeys","article_modified_time":"2025-12-15T15:00:27+00:00","twitter_card":"summary_large_image","twitter_misc":{"Est. reading time":"2 minutes"},"schema":{"@context":"https:\/\/schema.org","@graph":[{"@type":"WebPage","@id":"https:\/\/yellow-monkeys.fr\/index.php\/portfolio\/","url":"https:\/\/yellow-monkeys.fr\/index.php\/portfolio\/","name":"Yellow Monkeys - Portfolio","isPartOf":{"@id":"https:\/\/yellow-monkeys.fr\/#website"},"datePublished":"2024-12-10T13:15:43+00:00","dateModified":"2025-12-15T15:00:27+00:00","description":"D\u00e9couvrez nos r\u00e9alisations en communication digitale. Inspirez-vous de projets concrets qui ont fait la diff\u00e9rence pour nos clients.","breadcrumb":{"@id":"https:\/\/yellow-monkeys.fr\/index.php\/portfolio\/#breadcrumb"},"inLanguage":"en-US","potentialAction":[{"@type":"ReadAction","target":["https:\/\/yellow-monkeys.fr\/index.php\/portfolio\/"]}]},{"@type":"BreadcrumbList","@id":"https:\/\/yellow-monkeys.fr\/index.php\/portfolio\/#breadcrumb","itemListElement":[{"@type":"ListItem","position":1,"name":"Accueil","item":"https:\/\/yellow-monkeys.fr\/"},{"@type":"ListItem","position":2,"name":"PORTFOLIO"}]},{"@type":"WebSite","@id":"https:\/\/yellow-monkeys.fr\/#website","url":"https:\/\/yellow-monkeys.fr\/","name":"Yellow Monkeys","description":"","potentialAction":[{"@type":"SearchAction","target":{"@type":"EntryPoint","urlTemplate":"https:\/\/yellow-monkeys.fr\/?s={search_term_string}"},"query-input":{"@type":"PropertyValueSpecification","valueRequired":true,"valueName":"search_term_string"}}],"inLanguage":"en-US"}]}},"_links":{"self":[{"href":"https:\/\/yellow-monkeys.fr\/index.php\/wp-json\/wp\/v2\/pages\/38","targetHints":{"allow":["GET"]}}],"collection":[{"href":"https:\/\/yellow-monkeys.fr\/index.php\/wp-json\/wp\/v2\/pages"}],"about":[{"href":"https:\/\/yellow-monkeys.fr\/index.php\/wp-json\/wp\/v2\/types\/page"}],"author":[{"embeddable":true,"href":"https:\/\/yellow-monkeys.fr\/index.php\/wp-json\/wp\/v2\/users\/1"}],"replies":[{"embeddable":true,"href":"https:\/\/yellow-monkeys.fr\/index.php\/wp-json\/wp\/v2\/comments?post=38"}],"version-history":[{"count":20,"href":"https:\/\/yellow-monkeys.fr\/index.php\/wp-json\/wp\/v2\/pages\/38\/revisions"}],"predecessor-version":[{"id":78591,"href":"https:\/\/yellow-monkeys.fr\/index.php\/wp-json\/wp\/v2\/pages\/38\/revisions\/78591"}],"wp:attachment":[{"href":"https:\/\/yellow-monkeys.fr\/index.php\/wp-json\/wp\/v2\/media?parent=38"}],"curies":[{"name":"wp","href":"https:\/\/api.w.org\/{rel}","templated":true}]}}